s 32 a factor of s(z)?
False
Suppose 4*g + 0*x = x + 60, g = -4*x + 15. Let c = 72 + -70. Suppose -c*m + 23 = -g. Is m a multiple of 19?
True
Let x(q) = 8*q - q + 14 + 2*q. Is x(8) a multiple of 22?
False
Let u = 17 - 15. Suppose u*j + 0 = -4. Is j*2/4 + 37 a multiple of 18?
True
Suppose -3545*b - 2568 = -3553*b. Does 5 divide b?
False
Let x(u) = 2*u**2 - u + 5. Let t be x(3). Suppose -4*l + t = -0*l. Is (1 - -13)*l/2 a multiple of 21?
False
Let z = -11 + 16. Let f(p) = -10*p + 5*p**2 + p**3 + 7*p + 0 + z. Is f(-5) a multiple of 17?
False
Suppose 4*h - 3*p + 21 = 50, 0 = -3*p - 9. Suppose -1 = -2*w + h*q, w + w - 2*q = 10. Does 7 divide w?
False
Let b = 1645 + -995. Does 50 divide b?
True
Is 15 a factor of 48/6 - (-5318)/2?
False
Let w = 1368 - 318. Is w a multiple of 25?
True
Let o(u) = u**2 - 2*u - 7. Let v be o(-3). Let q be (-10)/(-4)*v/10. Suppose 0*d + 104 = q*d. Is 26 a factor of d?
True
Let n(f) = f**3 + 19*f**2 + 86*f + 10. Is n(-9) a multiple of 23?
True
Let h = 169 - -20. Is 21 a factor of h?
True
Let v(m) = m - 4. Let z be v(8). Suppose -85 = -z*h + 171. Suppose -2*f = 2*f - h. Does 16 divide f?
True
Let a be 5*3 + -3 + 5. Suppose 34 = -5*c + k, -2*k + 8 = 2*c + 3*k. Let j = c + a. Does 7 divide j?
False
Suppose -r + 4*o + 20 = 0, 2*o - 3*o = 3*r + 5. Suppose -2*g + 81 + 5 = r. Let x = g - 17. Is 13 a factor of x?
True
Let j(k) = 13*k**2 - 11*k - 3. Is 5 a factor of j(4)?
False
Let o be (7/((-28)/(-40)))/2. Suppose 5*d - 2*x = -x + 298, -2*x - 296 = -o*d. Does 16 divide d?
False
Let k(c) = c**3 - 12*c**2 + 1. Let b be k(12). Let t be b/(-2 + 3) + 1. Suppose -4*d = -2*f + 84, d - 90 = -3*f - t*d. Is 17 a factor of f?
True
Let s = 28 + -31. Let y be 13 - (s - (-10)/5). Is 4/y + 1588/28 a multiple of 13?
False
Let u be 4/10*40/4 + 0. Suppose 5*q - 130 = -c + 3*q, c - u*q = 124. Does 28 divide c?
False
Suppose 4*o + 15 = 7*o - 5*b, 5*b = o - 5. Suppose -o*z = -3*f + 242, -f + 2*z + z = -74. Is f a multiple of 18?
False
Suppose 3*j - 5*j - 185 = -3*v, -v + 59 = 2*j. Is 5 a factor of v?
False
Suppose -16*m - 36203 = -57*m. Is m a multiple of 73?
False
Let n be 2/(2*(-1)/(-2310)). Is 11 a factor of (3/5)/(14/n)?
True
Let b = -62 + 63. Let l(z) = 33*z**3 - 3*z**2 + 2. Is l(b) a multiple of 32?
True
Suppose -6 = -4*w - v, 5*w + 0*v - 4 = -3*v. Is w + (152 + -4)/4 a multiple of 16?
False
Let w(q) = q**3 + 12*q**2 + 6*q + 12. Let a(i) = i**3 - 14*i**2 - 33*i + 5. Let n be a(16). Does 8 divide w(n)?
False
Let a be 2 + 1*-1*1. Suppose 23 - 485 = -14*j. Suppose -n + j = -a. Is 13 a factor of n?
False
Does 24 divide 208/(-936) - 2/(-18)*713?
False
Let k(v) = -3*v**2 + 4*v - 6. Let u be k(4). Let d = 107 + u. Does 14 divide d?
False
Does 11 divide (12/5)/(144/58080)?
True
Let z(g) = 0*g**2 + 160*g - g**2 + 30 - 147*g. Does 5 divide z(14)?
False
Let l(k) = k - 4. Let u be l(12). Is 20 a factor of (243/4 - 1) + 2/u?
True
Suppose 11*x - 712 = 2896. Is x a multiple of 24?
False
Let l be (-4 - -2 - 0/6) + 4. Suppose -2*n = t - 4 + 3, 32 = 4*n - 4*t. Suppose 3*a = -9, -l*g - n*a = -2*a - 11. Does 6 divide g?
False
Suppose -301 - 2002 = -7*l. Let v = l + -188. Does 42 divide v?
False
Let n be 6*(-3)/6 + 8. Suppose -3*j + 544 = r, 0 = n*j - 4*r - 399 - 519. Is 32 a factor of j?
False
Is 56 a factor of ((-18)/15)/(6 - 76461/12740)?
True
Suppose -2*w + 3*t + 17 = 0, 3*w - 4*t + 0 = 24. Let f(r) = -r**2 + 6*r - 4. Let x be f(w). Suppose -x*o - 59 = -315. Does 32 divide o?
True
Let c(g) = g**3 - 6*g**2 - 15*g - 10. Let p be c(8). Is (-1)/(0 - p/(-44)) a multiple of 8?
False
Let b = 404 + -154. Suppose t - 84 = -f + 35, 2*t - f = b. Does 28 divide t?
False
Does 8 divide 12/15 + (-1222)/(-10) + -7?
False
Is ((-5192)/(-22))/(0 - 4/(-6)) a multiple of 37?
False
Is (1 - 14)*-29 + (-7 - -11) a multiple of 12?
False
Suppose -7*o = 4*o - 5060. Does 23 divide o?
True
Suppose 8*p + 2721 = 4*k + 7*p, -3*k + 2046 = p. Is 66 a factor of k?
False
Suppose 0 = -4*a + 41 + 99. Suppose 36*r - 14 = a*r. Is r a multiple of 7?
True
Suppose 290 = -5*i + 1570. Let b be 3/((84/i)/7). Suppose 0 = -3*p + 53 + b. Is p a multiple of 19?
False
Let k(v) = -15*v - 42. Let l(t) = 15*t + 41. Let j(g) = 4*k(g) + 3*l(g). Is 10 a factor of j(-9)?
True
Suppose 0 = -3*k + 12, 727 = 3*o + k - 1419. Is o a multiple of 31?
False
Let j(l) = l**2 + 10*l + 16. Let w be j(-8). Suppose g + 2 - 19 = w. Is 5 a factor of g?
False
Let p = 26 + -16. Let s(b) = 1 + b + 2*b - p + b. Is 23 a factor of s(8)?
True
Suppose 4*a = -4*t + 28, 0 = 3*a + t - 4*t - 3. Suppose -i = 2*j - 104, -a*j - 468 = -4*i + j. Does 28 divide i?
True
Suppose -5*h + 622 = b, 2*h + 2*h + 4*b = 504. Is 12 a factor of h?
False
Does 21 divide (604/6)/(178/267)?
False
Let j(z) = -5*z - 5. Let s be j(-3). Let k be (-1)/((-3)/6) + s. Does 16 divide k/(-60) + 161/5?
True
Let k(f) = 4*f - 4. Let l(o) = -o - 1. Let q(w) = k(w) + 8*l(w). Does 14 divide q(-10)?
True
Suppose -3*i - 1584 = -21*i. Does 18 divide i?
False
Suppose -3*w = -0*w + 18. Let z(q) = 2*q**2 - 4*q - 6. Does 15 divide z(w)?
True
Suppose 7*s + 3 = 4*s. Let z(l) = -5*l. Let m be z(s). Suppose r = m*a - 48, -r - r = -2*a + 16. Is a a multiple of 5?
True
Let a(k) be the first derivative of -k**4/4 - k**3 + k**2 - 5*k - 5. Let r be a(-4). Suppose 4*m + 5*y - 2*y - 24 = 0, 5*y = -r*m + 18. Is m a multiple of 3?
True
Let s = 1896 - 384. Does 18 divide s?
True
Suppose -3*m + 3945 = 12*m. Let n = m - 183. Is n a multiple of 40?
True
Suppose 2056 = r - 2*h, 4263 + 1885 = 3*r + 4*h. Is r a multiple of 22?
False
Suppose 3*q - 5*q = -20. Let i = -8 + q. Does 13 divide 21/(-7) - (i + -72)?
False
Let a(d) = d**2 + d + 11. Let o be a(0). Let p = -1 - o. Let m = 23 - p. Is 8 a factor of m?
False
Suppose 16 = 2*g - 142. Is (-12)/(-42) + g*(-68)/(-14) a multiple of 49?
False
Suppose 0 = 3*m - 2*z - 0*z - 9, 0 = -3*z + 9. Suppose -6*k = 4*u - 7*k - 211, -m*k = -4*u + 191. Does 18 divide u?
True
Let o(n) = -6*n - 3. Let d be o(-6). Suppose 5*r - 147 = d. Is r a multiple of 18?
True
Suppose -4*b = 3*n - 98, 0 + 8 = -4*n. Is 6 a factor of b?
False
Suppose -11*f = -8*f. Suppose 5*l = 70 - 10. Let s = f + l. Is 12 a factor of s?
True
Let a be 1 - (2 + 2) - (-4 + 6). Let x(c) = -2*c**3 - 7*c**2 - 4*c + 7. Is x(a) a multiple of 17?
True
Let k(a) = -2*a - 18. Let u be k(-13). Suppose 3*m = -m + u. Is (-3)/(-3) + m + 25 a multiple of 7?
True
Suppose 4*w - 4 = -4*g + 4, -4*w + 8 = 3*g. Suppose g = 4*y + 4*a - 804, 1 = -a + 3. Does 41 divide y?
False
Is (2/1 - -159)*1 a multiple of 9?
False
Suppose -5580 = -28*w + 4976. Does 20 divide w?
False
Let n(l) = l**2 - 12*l + 33. Let t be n(9). Suppose -t*j = -4*j - 82. Does 26 divide j?
False
Let m = 1022 - 762. Is m a multiple of 10?
True
Suppose 347 - 2039 = -12*n. Does 29 divide n?
False
Suppose -3 = -2*f - 9. Let l = f + 45. Is 7 a factor of l?
True
Let a(i) = i**3 + 11*i**2 - 12*i + 4. Let p be a(-12). Suppose n - 28 = -4*u, -4*n + 2*u - p*u = -182. Is n a multiple of 20?
False
Suppose 5*v - 5465 = -2*g - 1428, 2*v - 3*g - 1611 = 0. Is v a multiple of 42?
False
Let j(w) = 23*w**3 + 2*w**2 - 4*w - 3. Is 24 a factor of j(3)?
True
Let o(q) = -4*q**3 - 3*q**2 - q + 6. Let l be o(2). Let h = 51 + l. Is h a multiple of 3?
False
Let i be 2/10 + 154/55. Let o be -1 + 1 + i + -3. Suppose -3*t - h + 45 = -o, -t = 5*h - 29. Is t a multiple of 8?
False
Let k(p) = -2*p + 3. Let j be k(3). Let c = j - -5. Suppose -l = -2*y - 12, -c*y + 26 + 26 = 3*l. Does 6 divide l?
False
Let o be 1 - (-1 + (-5)/1). Let d = 68 + o. Is 15 a factor of d?
True
Let z(o) = -o**3 + 20*o**2 - 42*o + 15. Let v = 160 - 143. Is 24 a factor of z(v)?
True
Is ((-30)/(-25))/(-5 + (-3459)/(-690)) a multiple of 3?
False
Let z(b) be the first derivative of -b**4 - b**3/3 + b**2 - b + 9. Let j be z(2). Let y = -26 - j. Is 7 a factor of y?
True
Suppose -4*l - 16 = -4*u, -5 + 1 = 2*l + 2*u. Let o be -1*(-2 - (-2 - l)). Suppose -o = 3*h, 4*h - 1 = 2*b - 17. Is b a multiple of 2?
True
Let w(j) = 4*j**2 - 4*j + 17. Let o be w(3). Suppose -26 = -2*b - 2*c, -2*c + 80 = 7*b - 2*b. Let p = o - b. Is 19 a factor of p?
False
Let s be ((-30)/24)/((-2)/8). Suppose -3*h = 4*x - 253, -5*h = s*x - 4*x - 416. Does 13 divide h?
False
Let f be 5 - 3*2/3. Suppose 12 = -h - 2*s - 0*s, -f*s = -h + 3. Is 5 a factor of 8/(-1 -